e
Is 83813 composite?
False
Is 27865 a prime number?
False
Is 6047 a prime number?
True
Is 10265 a prime number?
False
Is 21863 a prime number?
True
Is 74234 a prime number?
False
Is 9353 a composite number?
True
Is 53299 prime?
True
Is 34249 a composite number?
True
Is 5447 prime?
False
Is 69973 prime?
False
Is 90787 prime?
True
Is 16961 composite?
True
Is 42469 a prime number?
False
Is 228349 a prime number?
False
Is 2729 prime?
True
Is 125699 a prime number?
False
Is 194371 composite?
False
Is 542651 prime?
False
Is 15629 a composite number?
False
Is 75473 composite?
True
Is 13669 composite?
False
Is 13679 prime?
True
Is 201007 prime?
True
Is 109169 prime?
True
Is 4201 a prime number?
True
Is 168617 prime?
True
Is 15689 a prime number?
False
Is 1693 composite?
False
Is 5623 a composite number?
False
Is 691109 a prime number?
True
Is 2269 prime?
True
Is 227329 a prime number?
False
Is 44027 prime?
True
Is 246049 prime?
True
Is 19529 prime?
False
Is 13253 a prime number?
False
Is 10427 composite?
False
Is 5401 a composite number?
True
Is 4987 prime?
True
Is 173077 prime?
False
Is 474461 prime?
False
Is 13963 a composite number?
False
Is 27043 a prime number?
True
Is 24601 prime?
False
Is 50671 a composite number?
False
Is 6599 a prime number?
True
Is 18251 a composite number?
False
Is 19523 a prime number?
False
Is 39971 a composite number?
False
Is 1748563 prime?
True
Is 36349 prime?
False
Is 27103 prime?
True
Is 373 a composite number?
False
Is 50207 a prime number?
True
Is 113003 prime?
False
Is 15419 prime?
False
Is 96661 prime?
True
Is 26305 composite?
True
Is 9337 a composite number?
False
Is 137461 a composite number?
True
Is 88463 a composite number?
False
Is 14029 a prime number?
True
Is 128713 a composite number?
True
Is 1287987 a composite number?
True
Is 899 composite?
True
Is 5179 a prime number?
True
Is 6373 composite?
False
Is 1099171 a composite number?
False
Is 307493 composite?
True
Is 67063 composite?
True
Is 396601 composite?
False
Is 94811 composite?
False
Is 22739 prime?
True
Is 5561 composite?
True
Is 135251 composite?
True
Is 240022 a prime number?
False
Is 42811 a prime number?
False
Is 11003 composite?
False
Is 37483 a prime number?
True
Is 171905 prime?
False
Is 13571 a prime number?
False
Is 301249 a composite number?
True
Is 1256887 a prime number?
True
Is 18113 a composite number?
True
Is 1511 prime?
True
Is 13157 a composite number?
True
Is 7393 prime?
True
Is 9242 composite?
True
Is 130363 prime?
True
Is 315481 prime?
True
Is 9491 prime?
True
Is 11299 a prime number?
True
Is 1399 composite?
False
Is 649177 prime?
False
Is 130805 a prime number?
False
Is 25733 composite?
False
Is 95651 a composite number?
False
Is 40049 prime?
False
Is 389053 a prime number?
False
Is 167509 prime?
False
Is 6389 a prime number?
True
Is 41929 a prime number?
False
Is 818887 composite?
False
Is 14051 a prime number?
True
Is 33679 a composite number?
False
Is 590491 composite?
True
Is 248743 prime?
False
Is 136943 a composite number?
False
Is 26333 composite?
True
Is 27877 a composite number?
True
Is 1087 a prime number?
True
Is 29383 prime?
True
Is 2995 a composite number?
True
Is 1027133 composite?
True
Is 831595 a prime number?
False
Is 133493 a composite number?
False
Is 2213563 a prime number?
False
Is 6317 a prime number?
True
Is 22853 composite?
False
Is 3203 a prime number?
True
Is 36523 a composite number?
False
Is 82109 a prime number?
False
Is 2633 composite?
False
Is 736607 a prime number?
True
Is 632134 a prime number?
False
Is 39499 a composite number?
False
Is 179161 prime?
True
Is 8263 composite?
False
Is 13424561 a prime number?
True
Is 52517 a composite number?
False
Is 104603 a composite number?
True
Is 3793 a composite number?
False
Is 112219 a prime number?
False
Is 1695941 composite?
True
Is 250927 composite?
True
Is 3587 prime?
False
Is 21269 a composite number?
False
Is 10847 a prime number?
True
Is 3673133 composite?
False
Is 308437 prime?
True
Is 1893 prime?
False
Is 5155 a composite number?
True
Is 869965 a prime number?
False
Is 26759 composite?
False
Is 17483 a prime number?
True
Is 602543 a composite number?
False
Is 10673 a composite number?
True
Is 2579 a prime number?
True
Is 32699 a prime number?
False
Is 110419 composite?
False
Is 6686 prime?
False
Is 3299 prime?
True
Is 1361 composite?
False
Is 32117 prime?
True
Is 257311 composite?
False
Is 800311 a prime number?
True
Is 215123 composite?
False
Is 333419 prime?
True
Is 4831 composite?
False
Is 877 a prime number?
True
Is 95651 composite?
False
Is 7769 a composite number?
True
Is 1371551 prime?
True
Is 25399 a prime number?
False
Is 270061 composite?
True
Is 49681 a prime number?
True
Is 12953 prime?
True
Is 48703 prime?
False
Is 619015 composite?
True
Is 27043 a composite number?
False
Is 595513 composite?
False
Is 163817 composite?
True
Is 177 composite?
True
Is 412729 a prime number?
False
Is 17719589 a prime number?
True
Is 823829 a prime number?
True
Is 20455 composite?
True
Is 57403 a composite number?
True
Is 481531 a composite number?
False
Is 9778 a composite number?
True
Is 42667 a prime number?
True
Is 3502541 prime?
False
Is 269683 composite?
False
Is 116743 prime?
False
Is 27473 prime?
False
Is 10661 a prime number?
False
Is 65227 prime?
False
Is 1148711 composite?
True
Is 58529 prime?
False
Is 2269 a prime number?
True
Is 45389 prime?
True
Is 3594733 a prime number?
True
Is 207559 a composite number?
True
Is 8923 prime?
True
Is 61003 composite?
True
Is 9722 prime?
False
Is 13637 a prime number?
False
Is 26615 a prime number?
False
Is 124813 a prime number?
False
Is 37319 a prime number?
False
Is 5089 a composite number?
True
Is 16411 composite?
False
Is 19919 prime?
True
Is 147977 composite?
False
Is 3247 a composite number?
True
Is 18947 a prime number?
True
Is 14621 a composite number?
False
Is 11857 composite?
True
Is 3833 composite?
False
Is 281107 a composite number?
True
Is 13049 prime?
True
Is 3101 a composite number?
True
Is 35969 composite?
False
Is 401105 a prime number?
False
Is 25559 prime?
False
Is 25778 a composite number?
True
Is 5666 composite?
True
Is 8513 a prime number?
True
Is 26066 a prime number?
False
Is 231409 composite?
False
Is 16601 a prime number?
False
Is 27929 a prime number?
False
Is 3814 a prime number?
False
Is 113 prime?
True
Is 2051 a composite number?
True
Is 12569 composite?
False
Is 29251 prime?
True
Is 1169947 composite?
True
Is 1223 prime?
True
Is 12955 composite?
True
Is 452671 prime?
True
Is 376331 prime?
False
Is 412457 composite?
False
Is 1224079 prime?
True
Is 4197 a prime number?
False
Is 54577 composite?
False
Is 80537 composite?
False
Is 471737 a composite number?
True
Is 1133 a prime number?
False
Is 6563 composite?
False
Is 1597 a composite number?
False
Is 11597 composite?
False
Is 64054 prime?
False
Is 518633 prime?
False
Is 41639 a prime number?
False
Is 194897 prime?
False
Is 304117 composite?
True
Is 28277 a prime number?
True
Is 26293 a prime number?
True
Is 7753 a prime number?
True
Is 446149 a prime number?
False
Is 201049 composite?
False
Is 44071 a prime number?
True
Is 12037 a prime number?
True
Is 835 a prime number?
False
Is 5444155 a composite number?
True
Is 168409 a prime number?
True
Is 7039 prime?
True
Is 457979 a prime number?
True
Is 160967 composite?
False
Is 240691 a prime number?
False
Is 13537 a prime number?
True
Is 10555 prime?
False
Is 36977 prime?
False
Is 687079 a prime number?
False
Is 16537 composite?
True
Is 4201 a prime number?
True
Is 8962 prime?
False
Is 99707 a composite number?
False
Is 46162 prime?
False
Is 499511 prime?
False
Is 53503 a composite number?
False
Is 6491 composite?
False
Is 21433 composite?
False
Is 21617 a composite number?
False
Is 63319 composite?
True
Is 34718 a prime number?
False
Is 16673 a prime number?
True
Is 20627 prime?
True
Is 28973 prime?
False
Is 5386 prime?
False
Is 6163 a prime number?
True
Is 4189 a composite number?
True
Is 2587 composite?
True
Is 21205 composite?
True
Is 3982481 a prime number?
True
Is 22013 a prime number?
True
Is 1637147 a prime number?
True
Is 617027 a prime number?
True
Is 25045 prime?
False
Is 2374127 prime?
False
Is 30757 a prime number?
True
Is 1326683 composite?
False
Is 19801 prime?
